{"id":16,"date":"2026-03-31T19:27:58","date_gmt":"2026-03-31T19:27:58","guid":{"rendered":"https:\/\/www.hichemkaroui.com\/en\/?page_id=16"},"modified":"2026-03-31T19:27:58","modified_gmt":"2026-03-31T19:27:58","slug":"articles-scholarly-papers","status":"publish","type":"page","link":"https:\/\/www.hichemkaroui.com\/page\/articles-scholarly-papers\/","title":{"rendered":"Articles (Scholarly Papers)"},"content":{"rendered":"<p>&nbsp;<\/p>\n<h2><a href=\"https:\/\/shisu.academia.edu\/HichemKaroui\">\u00a0Academia<\/a><\/h2>\n<h2><a href=\"https:\/\/orcid.org\/0000-0001-8322-6774\">ORCID<\/a><\/h2>\n<h2><a href=\"https:\/\/scholar.google.com\/citations?user=KdEQJfoAAAAJ&amp;hl=fr\">Google Scholars<\/a><\/h2>\n<h2><a href=\"https:\/\/papers.ssrn.com\/sol3\/cf_dev\/AbsByAuth.cfm?per_id=695830\">Social Sciences Research Network\u00a0<\/a><\/h2>\n<h2><a href=\"https:\/\/www.researchgate.net\/scientific-contributions\/Hichem-Karoui-2035018946\">Arab Center Research Gate<\/a><\/h2>\n<h2><a href=\"https:\/\/www.researchgate.net\/scientific-contributions\/Hichem-Karoui-2202303387\">ResearchGate<\/a><\/h2>\n<p>&nbsp;<\/p>\n<hr \/>\n<h2>Articles and academic research papers (examples)<\/h2>\n<p style=\"font-weight: 400;\">\n<ul>\n<li>&#8220;Digression On the Margin of Seven Pillars of Wisdom: T.E. Lawrence and the Arab Revolt.&#8221; The Gulf Futures Center (GFC), London, August 21, 2020.<\/li>\n<li>&#8220;Overcoming the Darkness of Ottoman Rule: T.E. Lawrence and the Arab Revolution.&#8221; The Gulf Futures Center (GFC), London, June 5, 2020.<\/li>\n<li>ISIS Terrorists in Syria Receiving US Supplies. The Gulf Futures Center (GFC), London. July 27, 2020.<\/li>\n<li>&#8220;The need to reflect positively on the US-China rising tension\/Post-Covid 19 World.&#8221; The Gulf Futures Center (GFC), London. May 22, 2020.<\/li>\n<li>US Strategy and the Iranian Issue (3). Bogged Down with Sanctions and Covid-19? The Gulf Futures Center (GFC), London. March 21, 2020.<\/li>\n<li>US Strategy and the Iranian Issue (2). \u201cWAR AS A BLUFF\u201d. The Gulf Futures Center (GFC), London. March 8, 2020.<\/li>\n<li>US Strategy and the Iranian Issue (1). \u201cControl or Destroy\u201d. The Gulf Futures Center (GFC), London. February 28, 2020.<\/li>\n<li>&#8220;Politics and business under the reign of Sultan Haitham Al Said.&#8221; The Gulf Futures Center (GFC), London. March 2021.<\/li>\n<li>&#8220;Iran, Turkey and Al-Shabaab militancy in Somalia.&#8221; (Arabic)The Gulf Futures Center (GFC), London. March 2021.<\/li>\n<li>&#8221; Ismail Qaani&#8217;s complex mission&#8221; (Arabic). The Gulf Futures Center (GFC), London. February 2021.<\/li>\n<li>&#8220;US Tactics to Hold Back China in Africa.&#8221; The Gulf Futures Center (GFC), London. February 2021.<\/li>\n<li>&#8220;The US-Chinese conflict over Bab al-Mandab&#8221; (Arabic). The Gulf Futures Center (GFC), London. 2021.<\/li>\n<li>&#8220;Cold War in Somalia. Gulf States Game: Security and Influence.&#8221; The Gulf Futures Center (GFC), London. February 2020.<\/li>\n<li>&#8220;The Mines of Sudan: When the Whole World Poured in Khartoum.&#8221; The Gulf Futures Center (GFC) London. February 2020.<\/li>\n<li>&#8220;Saudi Arabia Reforms According to Western Opinion Polls.&#8221; The Gulf Futures Center (GFC) London. 2020 (Arabic).<\/li>\n<li>&#8220;France-Iran-USA: Cooperation and Confrontation.&#8221; The Gulf Futures Center (GFC) London. Dec.2017-Jan. 2018.<\/li>\n<li>&#8220;Complex Triple Crisis. Iran and the Arabian Gulf: No War and No Peace!&#8221; The Gulf Futures Center (GFC) London. November 28, 2017.<\/li>\n<li>&#8221; Establishing the China-GCC Free Trade Area: Obstacles, Challenges, and Open Possibilities,&#8221; Journal of Contemporary Chinese Studies: The Yangtze Review \/ Sino Media (San Francisco) Issue 2. Autumn 2014.<\/li>\n<li>&#8220;Arab Political Thought&#8221;. An entry contribution to The Wiley-Blackwell Encyclopedia of Political Thought, September 2014.<\/li>\n<li>&#8221; En sommes-nous encore \u00e0 la p\u00e9riode de la capitulation tranquille? (Are We Still in The Age of Silent Surrender?)?&#8221; With A. Tausch, A. Heshmati, P. Jourdon. Entelequia: Revista Interdisciplinar, University of Barcelona ( Spain ), 2013.<\/li>\n<li>&#8221; Sources of influence in US Foreign Policy,&#8221; The Arab Center for Research and Policy Studies, Doha, Qatar, 2012. (Arabic).<\/li>\n<li>&#8220;Middle <em>East <\/em>Studies in the United States after September 11.&#8221;\u00a0 The Arab Center for Research and Policy Studies, Doha, Qatar, 2012. (Arabic).<\/li>\n<li>&#8221; Military expenses in the Maghreb countries<em>.<\/em>&#8221; The Arab Center for Research and Policy Studies, Doha, Qatar, 2011. (Arabic).<\/li>\n<li>&#8220;The Arab Lobby: The Invisible Alliance Undermining America\u2019s Interests in the Middle East.&#8221; Critical review, in Siyasat Arabiya, Doha. 2013. (Arabic).<\/li>\n<li>&#8220;Inventing Democracy in the Arab World: Some Intersections with Post-Communist Experiences in Central Europe.&#8221; The Arab Center for Research and Policy Studies, Doha, Qatar, 2012. (Arabic).<\/li>\n<li>&#8221; Financing US presidential election campaigns and foreign policy&#8221;<em>. <\/em>The Arab Center for Research and Policy Studies, Doha, Qatar, 2012. (Arabic).<\/li>\n<li>&#8220;The security problems posed to the Arab countries by Transnational Radical Organisations and Movements.&#8221; The first annual conference of political and strategic studies Centres in the Arab world. Doha, December 2012. (Arabic).<\/li>\n<li>&#8220;The Greater Middle East: Fact or Invention?&#8221; The Arab Center for Research and Policy Studies, Doha, Qatar, 2012. Arabic.<\/li>\n<li>&#8220;The Yemeni Revolution: Replacing Ali Abdullah Saleh, or Replacing Obsolete Institutions?&#8221; Arab Center For Research and Policy Studies, Doha \u2013 Case Analysis Series, May 2011.<\/li>\n<li>&#8220;From occupation to sovereignty: Iraq between two eras &#8221; (French ). 2011. Eurorient journal, N.32 (Paris).<\/li>\n<li>&#8220;Deviance and Dissent: A Sociological Approach to Terrorism. Entelequia. Revista Interdisciplinar, University of Barcelona ( Spain ), Vol. 12, pp. 27-40, Fall 2010.<\/li>\n<li>&#8220;Yemen: The Law of the Tribesmen.&#8221; 2010.\u00a0 Journal of Alternative Perspectives in the Social Sciences. International Academy of Social Sciences (United States).<\/li>\n<li>&#8221; European Islam in Social Sciences&#8221; (Arabic). Asbar Center for Studies, Research and Communications, the monthly issue, January 2010. (Saudi Arabia).<\/li>\n<li>&#8220;Who are the Islamist activists in the Kingdom of Saudi Arabia?&#8221; (Qui sont les islamistes saoudiens? ) 2006. European Journal of Geopolitics, Outre-Terre (Paris).<\/li>\n<li>&#8220;Post-War Iraq&#8221;<em>.<\/em>\u00a0 Opinions Journal. Gulf Research Center (Saudi Arabia).<\/li>\n<li>&#8220;The UN between Peace and Security quest and great powers manoeuvres.&#8221;(Arabic) Etudes internationales (Association des e\u0301tudes internationales, Ministry of Foreign Affairs (Tunis) N\u00b0 20, Octobre 1986, pp.139-149.<\/li>\n<\/ul>\n<p style=\"font-weight: 400;\">\n<h2>\u00a0Papers published in the peer-reviewed\u00a0 Journal of Middle Eastern Studies (Paris)<\/h2>\n<p style=\"font-weight: 400;\">\n<ul>\n<li>&#8220;Discursive Practices, Science, Politics and the Truth: Applied to MENA Region&#8221; (Pratiques discursives, Science, Politique et V\u00e9rit\u00e9: Application Sur la R\u00e9gion MOAN). With Faten Karoui-Bouchoucha \u2013 Middle East Studies (sciences sociales et humaines)Volume 2, n\u00b04. 2011.<\/li>\n<li>&#8220;Israel and Palestine,&#8221; by Avi Shlaim.&#8221; Book-review Essay: 2011: Volume II, No. 4.<\/li>\n<li>&#8221; The Conservative Revolt Against America: The Bush Legacy.&#8221; 2010. Volume One, Issue 3.<\/li>\n<li>&#8220;Is Conservatism Dead?&#8221; A Review of Sam Tannhaus&#8217; Book.\u00a0\u00a0 2010: Volume 1, Issue 3.<\/li>\n<li>&#8220;On the Evaluation of Pakistani Schools by the Brookings Institution .&#8221;\u00a0 2010, volume one, Issue 2.<\/li>\n<li>&#8220;The Big Shift: How September 11 Has Advanced the Agenda of the Neo-Conservatives and Boosted the Support to Israel\u2019s Right-Wing.&#8221; Middle East Studies, 2010: Volume 1, Issue 2.<\/li>\n<\/ul>\n<p style=\"font-weight: 400;\">\n<h2>Samples on Social Sciences Research Network<\/h2>\n<p style=\"font-weight: 400;\">\u00a0(Most have already been published before)<\/p>\n<p style=\"font-weight: 400;\">\n<ul>\n<li>&#8220;What every politician in America and the Western world should know about the Arab and Islamic world&#8221; (2008).<\/li>\n<li>&#8220;The French Paradox: Evaluation of the Transformations of the Political and Social Landscape in France&#8221; (2007).<\/li>\n<li>&#8220;Money and Terror: Is There an End to America&#8217;s Oil Addiction?&#8221; (2007)<\/li>\n<li>&#8220;Global trends in Gulf and Middle East population evolution&#8221; (2006).<\/li>\n<li>&#8220;Oil and Security in the Twenty-First Century&#8221; (2006).<\/li>\n<li>&#8220;The Real Energy Debate, When Oil Ends&#8221; (2006).<\/li>\n<li>&#8220;Did September 11th introduce a paradigmatic shift in the social sciences\u2019 approach to Islam and the West?&#8221; (2006)<\/li>\n<li>&#8220;Islamic Trends and American Foreign Policy&#8221; (2006).<\/li>\n<\/ul>\n<p style=\"font-weight: 400;\">\n<h2>\u00a0International conferences and workshops (examples)<\/h2>\n<p style=\"font-weight: 400;\">\n<ul>\n<li>&#8220;Impact of US-Russia Rivalry in the Horn of Africa,&#8221; Gulf Research Meeting, Cambridge, July 2023.<\/li>\n<li>&#8220;Engaging and Repelling Elements in Sino-Arab Relations,&#8221; Seminar of the Chinese Arab Studies Center for Reform and Development, Shanghai International Studies University, 2020.<\/li>\n<li>&#8220;The Chinese Paradox: Non-Interference in Middle East Conflicts and Support for Governments! The Case of Syria. 9th Annual Gulf Research Meeting (GRM). Cambridge, August, Cambridge, 2018.<\/li>\n<li>&#8220;Bashing Qatar and Saudi Arabia: Western narrative and perception of Islamism issues.&#8221;<\/li>\n<li>8th Annual Gulf Research Meeting (GRM). Cambridge, August 2017.<\/li>\n<li>&#8221; Diplomacy Versus the revolution of &#8220;transparent society&#8221; and &#8220;risk society. Wikileaks: international and regional implications.&#8221; Open Sources and the Leaked American Diplomatic Cables. Beirut, Lebanon. March 04, 2011. Arab Center for Research and Policy Studies.<\/li>\n<li>&#8220;Post-Kemalist Politics in Turkey.&#8221;\u00a0 The Arabs and Turkey: Challenges of the Present and the Outlook for the Future. Doha, Qatar. May 18, 2011.&#8221;<\/li>\n<li>The Struggle For Preponderance in the Gulf Region and the Iranian Influence in Iraq.&#8221; Gulf Meeting. July 2011. Cambridge University.<\/li>\n<li>&#8220;Transnational Radical Organisations and Movements And the security problems posed to the Arab countries.&#8221; The first annual conference of political and strategic studies Centres in the Arab world. Doha, December 2012.<\/li>\n<li>&#8220;The Arab Spring. Are there new cultural values?&#8221; The Arab Spring One Year Later: Georgetown University-Qatar Workshop, April 2012.<\/li>\n<\/ul>\n<h3><\/h3>\n<h3>Participation in Conferences as a member of the Organising Team (examples):<\/h3>\n<p style=\"font-weight: 400;\">\n<ul>\n<li>The Palestinian September: Between the Oslo Track and Reverting to International Institutions. Doha, Qatar. September 10, 2011.<\/li>\n<li>Arabs and the Horn of Africa: the Dialectic of Regional Proximity and Affiliation. Doha, Qatar. November 27, 2011.<\/li>\n<li>The Arab Revolutions and Democracy: The Roots of the Sectarian Divide and the Means to Address It. Doha, Qatar. January 28, 2012.<\/li>\n<li>Annual Conference for Social Sciences and Humanities. Doha, Qatar. March 24, 2012.<\/li>\n<li>The Yemeni Revolution: Historical Background, Local Specificities, and Future prospects. Doha, Qatar. February 18, 2012.<\/li>\n<li>Islamists and Democratic Governance: Experiences and Future Directions, Doha, Qatar, October 6 and 7, 2012.<\/li>\n<li>The Egyptian constitution and the transition to democracy. ACRPS, Doha, November 2012.<\/li>\n<li>Annual Conference of Strategic and Policy Studies Research Centers in the Arab World. December 15 to 17, 2012, Doha, Qatar.<\/li>\n<\/ul>\n<h1><\/h1>\n","protected":false},"excerpt":{"rendered":"<p>&nbsp; \u00a0Academia ORCID Google Scholars Social Sciences Research Network\u00a0 Arab Center Research Gate ResearchGate &nbsp; Articles and academic research papers (examples) &#8220;Digression On the Margin of Seven Pillars of Wisdom: T.E. Lawrence and the Arab Revolt.&#8221; The Gulf Futures Center (GFC), London, [&hellip;]<\/p>\n","protected":false},"author":1,"featured_media":0,"parent":0,"menu_order":0,"comment_status":"closed","ping_status":"closed","template":"","meta":{"footnotes":""},"class_list":["post-16","page","type-page","status-publish","hentry"],"_links":{"self":[{"href":"https:\/\/www.hichemkaroui.com\/page\/wp-json\/wp\/v2\/pages\/16","targetHints":{"allow":["GET"]}}],"collection":[{"href":"https:\/\/www.hichemkaroui.com\/page\/wp-json\/wp\/v2\/pages"}],"about":[{"href":"https:\/\/www.hichemkaroui.com\/page\/wp-json\/wp\/v2\/types\/page"}],"author":[{"embeddable":true,"href":"https:\/\/www.hichemkaroui.com\/page\/wp-json\/wp\/v2\/users\/1"}],"replies":[{"embeddable":true,"href":"https:\/\/www.hichemkaroui.com\/page\/wp-json\/wp\/v2\/comments?post=16"}],"version-history":[{"count":0,"href":"https:\/\/www.hichemkaroui.com\/page\/wp-json\/wp\/v2\/pages\/16\/revisions"}],"wp:attachment":[{"href":"https:\/\/www.hichemkaroui.com\/page\/wp-json\/wp\/v2\/media?parent=16"}],"curies":[{"name":"wp","href":"https:\/\/api.w.org\/{rel}","templated":true}]}}